t is the ten thousands digit of 19789811?
8
What is the tens digit of 746389?
8
What is the ten thousands digit of 6290487?
9
What is the hundred thousands digit of 851992?
8
What is the ten thousands digit of 9819259?
1
What is the hundred thousands digit of 221753?
2
What is the ten thousands digit of 1345736?
4
What is the thousands digit of 12536339?
6
What is the hundred thousands digit of 2604340?
6
What is the hundred thousands digit of 342573?
3
What is the tens digit of 5985958?
5
What is the units digit of 6494162?
2
What is the ten thousands digit of 6842809?
4
What is the tens digit of 1456350?
5
What is the millions digit of 1029140?
1
What is the tens digit of 15830813?
1
What is the thousands digit of 916423?
6
What is the hundred thousands digit of 204373?
2
What is the tens digit of 2328026?
2
What is the hundred thousands digit of 1438905?
4
What is the units digit of 3133775?
5
What is the thousands digit of 4139541?
9
What is the hundred thousands digit of 124810?
1
What is the hundred thousands digit of 435107?
4
What is the ten thousands digit of 1353444?
5
What is the tens digit of 9092894?
9
What is the thousands digit of 40991?
0
What is the millions digit of 20514924?
0
What is the tens digit of 1728729?
2
What is the hundreds digit of 10779333?
3
What is the hundred thousands digit of 318926?
3
What is the millions digit of 2863542?
2
What is the units digit of 97397?
7
What is the thousands digit of 76345?
6
What is the millions digit of 9199343?
9
What is the tens digit of 2944629?
2
What is the ten thousands digit of 850804?
5
What is the hundred thousands digit of 849519?
8
What is the thousands digit of 23122921?
2
What is the tens digit of 46630?
3
What is the tens digit of 23757975?
7
What is the ten thousands digit of 4528167?
2
What is the hundreds digit of 121337?
3
What is the hundreds digit of 22863?
8
What is the hundred thousands digit of 1731522?
7
What is the units digit of 2083114?
4
What is the units digit of 5071688?
8
What is the units digit of 7122040?
0
What is the hundred thousands digit of 3345554?
3
What is the thousands digit of 193370?
3
What is the units digit of 110792?
2
What is the ten thousands digit of 221537?
2
What is the thousands digit of 178533?
8
What is the millions digit of 23645941?
3
What is the tens digit of 229699?
9
What is the tens digit of 1551486?
8
What is the ten thousands digit of 1369509?
6
What is the units digit of 16668744?
4
What is the hundreds digit of 1887468?
4
What is the ten thousands digit of 309016?
0
What is the hundreds digit of 1182576?
5
What is the hundreds digit of 126493?
4
What is the hundreds digit of 16877199?
1
What is the hundred thousands digit of 176298?
1
What is the thousands digit of 994729?
4
What is the millions digit of 25891443?
5
What is the hundreds digit of 129790?
7
What is the ten thousands digit of 41191886?
9
What is the thousands digit of 237657?
7
What is the ten thousands digit of 436583?
3
What is the thousands digit of 1875089?
5
What is the units digit of 106334?
4
What is the hundred thousands digit of 136115?
1
What is the hundred thousands digit of 9009775?
0
What is the tens digit of 733405?
0
What is the hundreds digit of 399122?
1
What is the hundreds digit of 617717?
7
What is the thousands digit of 444327?
4
What is the tens digit of 1640228?
2
What is the hundred thousands digit of 28807457?
8
What is the units digit of 3218709?
9
What is the thousands digit of 5771632?
1
What is the tens digit of 9411199?
9
What is the tens digit of 795829?
2
What is the tens digit of 10514697?
9
What is the tens digit of 162672?
7
What is the units digit of 6734957?
7
What is the units digit of 762722?
2
What is the ten thousands digit of 157800?
5
What is the thousands digit of 13665124?
5
What is the tens digit of 541190?
9
What is the tens digit of 3661478?
7
What is the hundreds digit of 537467?
4
What is the hundreds digit of 638703?
7
What is the ten thousands digit of 52418?
5
What is the units digit of 300106?
6
What is the hundreds digit of 376879?
8
What is the tens digit of 5586162?
6
What is the tens digit of 949573?
7
What is the hundreds digit of 240420?
4
What is the thousands digit of 3085192?
5
What is the tens digit of 342280?
8
What is the hundred thousands digit of 268491?
2
What is the units digit of 36836?
6
What is the ten thousands digit of 20786335?
8
What is the tens digit of 113554?
5
What is the hundreds digit of 16990675?
6
What is the tens digit of 3053312?
1
What is the millions digit of 38975113?
8
What is the tens digit of 8496870?
7
What is the tens digit of 15944598?
9
What is the hundreds digit of 9492132?
1
What is the hundreds digit of 318650?
6
What is the hundreds digit of 4549315?
3
What is the ten thousands digit of 46308?
4
What is the thousands digit of 14293511?
3
What is the thousands digit of 349189?
9
What is the hundred thousands digit of 5513416?
5
What is the hundred thousands digit of 34625730?
6
What is the ten thousands digit of 87661?
8
What is the tens digit of 2746773?
7
What is the thousands digit of 508760?
8
What is the tens digit of 3418764?
6
What is the tens digit of 951379?
7
What is the ten thousands digit of 2313881?
1
What is the ten thousands digit of 99487?
9
What is the thousands digit of 89614?
9
What is the hundreds digit of 711020?
0
What is the millions digit of 5882021?
5
What is the thousands digit of 197608?
7
What is the units digit of 9080?
0
What is the hundreds digit of 183775?
7
What is the hundred thousands digit of 10468687?
4
What is the thousands digit of 752639?
2
What is the millions digit of 1183638?
1
What is the units digit of 5723737?
7
What is the ten thousands digit of 18331984?
3
What is the units digit of 2937932?
2
What is the ten thousands digit of 791407?
9
What is the units digit of 385146?
6
What is the units digit of 489626?
6
What is the hundred thousands digit of 139257?
1
What is the units digit of 5048919?
9
What is the hundreds digit of 7953954?
9
What is the ten thousands digit of 141739?
4
What is the millions digit of 1199033?
1
What is the thousands digit of 822524?
2
What is the ten thousands digit of 166093?
6
What is the thousands digit of 5053472?
3
What is the thousands digit of 2749368?
9
What is the thousands digit of 304600?
4
What is the ten thousands digit of 928264?
2
What is the tens digit of 428512?
1
What is the hundreds digit of 502664?
6
What is the tens digit of 5530690?
9
What is the hundred thousands digit of 1970605?
9
What is the thousands digit of 1795283?
5
What is the ten thousands digit of 1995112?
9
What is the ten thousands digit of 5392926?
9
What is the millions digit of 7159881?
7
What is the tens digit of 554636?
3
What is the ten thousands digit of 482566?
8
What is the units digit of 14620071?
1
What is the millions digit of 5143634?
5
What is the tens digit of 101309?
0
What is the hundreds digit of 10278263?
2
What is the thousands digit of 3348189?
8
What is the units digit of 183908?
8
What is the hundreds digit of 734726?
7
What is the ten thousands digit of 183825?
8
What is the ten thousands digit of 14584?
1
What is the thousands digit of 702449?
2
What is the hundreds digit of 22707951?
9
What is the millions digit of 26576107?
6
What is the hundred thousands digit of 5181093?
1
What is the tens digit of 10529301?
0
What is the hundreds digit of 90445?
4
What is the units digit of 11310?
0
What is the tens digit of 16469701?
0
What is the ten thousands digit of 3016331?
1
What is the hundreds digit of 260885?
8
What is the thousands digit of 14641?
4
What is the millions digit of 2204170?
2
What is the thousands digit of 306135?
6
What is the ten thousands digit of 105671?
0
What is the ten thousands digit of 259488?
5
What is the thousands digit of 6437049?
7
What is the millions digit of 3895833?
3
What is the thousands digit of 4476202?
6
What is the units digit of 807429?
9
What is the millions digit of 7633900?
7
What is the thousands digit of 7442512?
2
What is the thousands digit of 2379916?
9
What is the tens digit of 6575625?
2
What is the tens digit of 204792?
9
What is the tens digit of 570297?
9
What is the millions digit of 16677381?
6
What is the thousands 